{"id":42,"date":"2025-11-22T14:06:47","date_gmt":"2025-11-22T14:06:47","guid":{"rendered":"https:\/\/gamehub.dominioteste.eu\/?page_id=42"},"modified":"2025-12-19T17:10:07","modified_gmt":"2025-12-19T17:10:07","slug":"torneios","status":"publish","type":"page","link":"https:\/\/gamehub.dominioteste.eu\/index.php\/torneios\/","title":{"rendered":"Torneios"},"content":{"rendered":"\t\t<div data-elementor-type=\"wp-page\" data-elementor-id=\"42\" class=\"elementor elementor-42\">\n\t\t\t\t<div class=\"elementor-element elementor-element-ad6daa0 e-flex e-con-boxed e-con e-parent\" data-id=\"ad6daa0\" data-element_type=\"container\" data-settings=\"{&quot;background_background&quot;:&quot;gradient&quot;}\">\n\t\t\t\t\t<div class=\"e-con-inner\">\n\t\t\t\t<div class=\"elementor-element elementor-element-02a13d2 elementor-widget elementor-widget-heading\" data-id=\"02a13d2\" data-element_type=\"widget\" data-widget_type=\"heading.default\">\n\t\t\t\t\t<h2 class=\"elementor-heading-title elementor-size-default\">TORNEIOS<\/h2>\t\t\t\t<\/div>\n\t\t\t\t\t<\/div>\n\t\t\t\t<\/div>\n\t\t<div class=\"elementor-element elementor-element-78edc19 e-flex e-con-boxed e-con e-parent\" data-id=\"78edc19\" data-element_type=\"container\">\n\t\t\t\t\t<div class=\"e-con-inner\">\n\t\t<div class=\"elementor-element elementor-element-acb8a16 e-con-full e-flex e-con e-child\" data-id=\"acb8a16\" data-element_type=\"container\">\n\t\t\t\t<div class=\"elementor-element elementor-element-d843d4f elementor-widget elementor-widget-text-editor\" data-id=\"d843d4f\" data-element_type=\"widget\" data-widget_type=\"text-editor.default\">\n\t\t\t\t\t\t\t\t\t<h2 data-start=\"198\" data-end=\"221\"><strong data-start=\"201\" data-end=\"221\">Sala de Torneios<\/strong><\/h2><p data-start=\"223\" data-end=\"492\">A Sala de Torneios foi criada para os verdadeiros amantes da competi\u00e7\u00e3o e do esp\u00edrito de equipa. Este espa\u00e7o \u00e9 dedicado \u00e0 realiza\u00e7\u00e3o de torneios organizados, eventos tem\u00e1ticos e desafios entre jogadores, proporcionando uma experi\u00eancia din\u00e2mica, competitiva e divertida.<\/p><h3 data-start=\"494\" data-end=\"515\"><strong data-start=\"498\" data-end=\"515\">Como funciona<\/strong><\/h3><ul data-start=\"516\" data-end=\"839\"><li data-start=\"516\" data-end=\"609\"><p data-start=\"518\" data-end=\"609\">Os torneios s\u00e3o organizados por modalidade (ex.: FIFA, Ping Pong, Dardos, Snooker, Arcade).<\/p><\/li><li data-start=\"610\" data-end=\"695\"><p data-start=\"612\" data-end=\"695\">Os participantes inscrevem-se previamente atrav\u00e9s da plataforma ou presencialmente.<\/p><\/li><li data-start=\"696\" data-end=\"774\"><p data-start=\"698\" data-end=\"774\">Cada torneio segue regras definidas e um sistema de eliminat\u00f3rias ou grupos.<\/p><\/li><li data-start=\"775\" data-end=\"839\"><p data-start=\"777\" data-end=\"839\">Os resultados s\u00e3o acompanhados em tempo real durante o evento.<\/p><\/li><\/ul><h3 data-start=\"841\" data-end=\"872\"><strong data-start=\"845\" data-end=\"872\">Frequ\u00eancia dos Torneios<\/strong><\/h3><ul data-start=\"873\" data-end=\"1055\"><li data-start=\"873\" data-end=\"923\"><p data-start=\"875\" data-end=\"923\">\ud83d\uddd3 <strong data-start=\"878\" data-end=\"890\">Semanais<\/strong> \u2013 Torneios r\u00e1pidos e informais<\/p><\/li><li data-start=\"924\" data-end=\"986\"><p data-start=\"926\" data-end=\"986\">\ud83d\uddd3 <strong data-start=\"929\" data-end=\"940\">Mensais<\/strong> \u2013 Competi\u00e7\u00f5es maiores com pr\u00e9mios especiais<\/p><\/li><li data-start=\"987\" data-end=\"1055\"><p data-start=\"989\" data-end=\"1055\">\ud83d\uddd3 <strong data-start=\"992\" data-end=\"1013\">Eventos especiais<\/strong> \u2013 Datas comemorativas e finais de \u00e9poca<\/p><\/li><\/ul><h3 data-start=\"1057\" data-end=\"1072\"><strong data-start=\"1061\" data-end=\"1072\">Pr\u00e9mios<\/strong><\/h3><ul data-start=\"1073\" data-end=\"1232\"><li data-start=\"1073\" data-end=\"1098\"><p data-start=\"1075\" data-end=\"1098\">\ud83c\udfc6 Trof\u00e9us e medalhas<\/p><\/li><li data-start=\"1099\" data-end=\"1141\"><p data-start=\"1101\" data-end=\"1141\">\ud83c\udf81 Vales de consumo (snacks e bebidas)<\/p><\/li><li data-start=\"1142\" data-end=\"1191\"><p data-start=\"1144\" data-end=\"1191\">\ud83c\udfae Sess\u00f5es gratuitas ou descontos em reservas<\/p><\/li><li data-start=\"1192\" data-end=\"1232\"><p data-start=\"1194\" data-end=\"1232\">\ud83e\udd47 Reconhecimento no ranking da sala<\/p><\/li><\/ul><p data-start=\"1503\" data-end=\"1626\">\u00a0<\/p>\t\t\t\t\t\t\t\t<\/div>\n\t\t\t\t<\/div>\n\t\t<div class=\"elementor-element elementor-element-dcdd321 e-con-full e-flex e-con e-child\" data-id=\"dcdd321\" data-element_type=\"container\">\n\t\t<div class=\"elementor-element elementor-element-f23dfd0 e-con-full e-flex e-con e-child\" data-id=\"f23dfd0\" data-element_type=\"container\">\n\t\t\t\t<div class=\"elementor-element elementor-element-982e2d7 elementor-widget elementor-widget-image\" data-id=\"982e2d7\" data-element_type=\"widget\" data-widget_type=\"image.default\">\n\t\t\t\t\t\t\t\t\t\t\t\t\t\t\t<img fetchpriority=\"high\" decoding=\"async\" width=\"800\" height=\"534\" src=\"https:\/\/gamehub.dominioteste.eu\/wp-content\/uploads\/2025\/12\/ChatGPT-Image-19_12_2025-17_08_35-1024x683.png\" class=\"attachment-large size-large wp-image-765\" alt=\"\" srcset=\"https:\/\/gamehub.dominioteste.eu\/wp-content\/uploads\/2025\/12\/ChatGPT-Image-19_12_2025-17_08_35-1024x683.png 1024w, https:\/\/gamehub.dominioteste.eu\/wp-content\/uploads\/2025\/12\/ChatGPT-Image-19_12_2025-17_08_35-300x200.png 300w, https:\/\/gamehub.dominioteste.eu\/wp-content\/uploads\/2025\/12\/ChatGPT-Image-19_12_2025-17_08_35-768x512.png 768w, https:\/\/gamehub.dominioteste.eu\/wp-content\/uploads\/2025\/12\/ChatGPT-Image-19_12_2025-17_08_35.png 1536w\" sizes=\"(max-width: 800px) 100vw, 800px\" \/>\t\t\t\t\t\t\t\t\t\t\t\t\t\t\t<\/div>\n\t\t\t\t<\/div>\n\t\t<div class=\"elementor-element elementor-element-b14a9f3 e-con-full e-flex e-con e-child\" data-id=\"b14a9f3\" data-element_type=\"container\">\n\t\t\t\t<div class=\"elementor-element elementor-element-92a8c68 elementor-widget elementor-widget-image\" data-id=\"92a8c68\" data-element_type=\"widget\" data-widget_type=\"image.default\">\n\t\t\t\t\t\t\t\t\t\t\t\t\t\t\t<img decoding=\"async\" width=\"800\" height=\"534\" src=\"https:\/\/gamehub.dominioteste.eu\/wp-content\/uploads\/2025\/12\/ChatGPT-Image-19_12_2025-17_07_54-1024x683.png\" class=\"attachment-large size-large wp-image-764\" alt=\"\" srcset=\"https:\/\/gamehub.dominioteste.eu\/wp-content\/uploads\/2025\/12\/ChatGPT-Image-19_12_2025-17_07_54-1024x683.png 1024w, https:\/\/gamehub.dominioteste.eu\/wp-content\/uploads\/2025\/12\/ChatGPT-Image-19_12_2025-17_07_54-300x200.png 300w, https:\/\/gamehub.dominioteste.eu\/wp-content\/uploads\/2025\/12\/ChatGPT-Image-19_12_2025-17_07_54-768x512.png 768w, https:\/\/gamehub.dominioteste.eu\/wp-content\/uploads\/2025\/12\/ChatGPT-Image-19_12_2025-17_07_54.png 1536w\" sizes=\"(max-width: 800px) 100vw, 800px\" \/>\t\t\t\t\t\t\t\t\t\t\t\t\t\t\t<\/div>\n\t\t\t\t<\/div>\n\t\t\t\t<\/div>\n\t\t\t\t\t<\/div>\n\t\t\t\t<\/div>\n\t\t<div class=\"elementor-element elementor-element-c9b814f e-flex e-con-boxed e-con e-parent\" data-id=\"c9b814f\" data-element_type=\"container\">\n\t\t\t\t\t<div class=\"e-con-inner\">\n\t\t\t\t<div class=\"elementor-element elementor-element-7202aa4 elementor-widget elementor-widget-text-editor\" data-id=\"7202aa4\" data-element_type=\"widget\" data-widget_type=\"text-editor.default\">\n\t\t\t\t\t\t\t\t\t<h3 data-start=\"1239\" data-end=\"1275\"><strong data-start=\"1243\" data-end=\"1275\">Destaque \u2013 Pr\u00f3ximos Torneios<\/strong><\/h3><p data-start=\"1278\" data-end=\"1328\"><strong data-start=\"1278\" data-end=\"1302\">FIFA 26 Championship<\/strong> \u2013 Competi\u00e7\u00e3o individual<\/p><p data-start=\"1331\" data-end=\"1380\"><strong data-start=\"1331\" data-end=\"1355\">Torneio de Ping Pong<\/strong> \u2013 Duplas e individuais<\/p><p data-start=\"1383\" data-end=\"1442\"><strong data-start=\"1383\" data-end=\"1403\">Arcade Challenge<\/strong> \u2013 Pontua\u00e7\u00e3o m\u00e1xima em tempo limitado<\/p><p data-start=\"1445\" data-end=\"1499\"><strong data-start=\"1445\" data-end=\"1465\">Noite de Snooker<\/strong> \u2013 Eliminat\u00f3rias entre jogadores<\/p><blockquote data-start=\"1501\" data-end=\"1626\"><p data-start=\"1503\" data-end=\"1626\"><em data-start=\"1503\" data-end=\"1626\">Os torneios s\u00e3o ideais para grupos de amigos, eventos corporativos e jogadores que procuram elevar o n\u00edvel da competi\u00e7\u00e3o.<\/em><\/p><\/blockquote>\t\t\t\t\t\t\t\t<\/div>\n\t\t\t\t\t<\/div>\n\t\t\t\t<\/div>\n\t\t<div class=\"elementor-element elementor-element-26030b0 e-flex e-con-boxed e-con e-parent\" data-id=\"26030b0\" data-element_type=\"container\">\n\t\t\t\t\t<div class=\"e-con-inner\">\n\t\t\t\t<div class=\"elementor-element elementor-element-bd76b87 elementor-align-right elementor-widget elementor-widget-button\" data-id=\"bd76b87\" data-element_type=\"widget\" data-widget_type=\"button.default\">\n\t\t\t\t\t\t\t\t\t\t<a class=\"elementor-button elementor-button-link elementor-size-sm\" href=\"\/index.php\/home\/\">\n\t\t\t\t\t\t<span class=\"elementor-button-content-wrapper\">\n\t\t\t\t\t\t\t\t\t<span class=\"elementor-button-text\">Voltar<\/span>\n\t\t\t\t\t<\/span>\n\t\t\t\t\t<\/a>\n\t\t\t\t\t\t\t\t<\/div>\n\t\t\t\t\t<\/div>\n\t\t\t\t<\/div>\n\t\t<div class=\"elementor-element elementor-element-aaf5ad7 e-flex e-con-boxed e-con e-parent\" data-id=\"aaf5ad7\" data-element_type=\"container\" data-settings=\"{&quot;background_background&quot;:&quot;gradient&quot;}\">\n\t\t\t\t\t<div class=\"e-con-inner\">\n\t\t\t\t<div class=\"elementor-element elementor-element-9c92da6 elementor-widget elementor-widget-heading\" data-id=\"9c92da6\" data-element_type=\"widget\" data-widget_type=\"heading.default\">\n\t\t\t\t\t<h2 class=\"elementor-heading-title elementor-size-default\">...VIVENCIE DOS NOSSOS TORNEIOS...<\/h2>\t\t\t\t<\/div>\n\t\t\t\t\t<\/div>\n\t\t\t\t<\/div>\n\t\t\t\t<\/div>\n\t\t\n    <div class=\"xs_social_share_widget xs_share_url after_content \t\tmain_content  wslu-style-1 wslu-share-box-shaped wslu-fill-colored wslu-none wslu-share-horizontal wslu-theme-font-no wslu-main_content\">\n\n\t\t\n        <ul>\n\t\t\t        <\/ul>\n    <\/div> \n","protected":false},"excerpt":{"rendered":"<p>TORNEIOS Sala de Torneios A Sala de Torneios foi criada para os verdadeiros amantes da competi\u00e7\u00e3o e do esp\u00edrito de equipa. Este espa\u00e7o \u00e9 dedicado \u00e0 realiza\u00e7\u00e3o de torneios organizados, eventos tem\u00e1ticos e desafios entre jogadores, proporcionando uma experi\u00eancia din\u00e2mica, competitiva e divertida. Como funciona Os torneios s\u00e3o organizados por modalidade (ex.: FIFA, Ping Pong, [&hellip;]<\/p>\n","protected":false},"author":1,"featured_media":0,"parent":0,"menu_order":0,"comment_status":"closed","ping_status":"closed","template":"","meta":{"postBodyCss":"","postBodyMargin":[],"postBodyPadding":[],"postBodyBackground":{"backgroundType":"classic","gradient":""},"footnotes":""},"class_list":["post-42","page","type-page","status-publish","hentry"],"_links":{"self":[{"href":"https:\/\/gamehub.dominioteste.eu\/index.php\/wp-json\/wp\/v2\/pages\/42","targetHints":{"allow":["GET"]}}],"collection":[{"href":"https:\/\/gamehub.dominioteste.eu\/index.php\/wp-json\/wp\/v2\/pages"}],"about":[{"href":"https:\/\/gamehub.dominioteste.eu\/index.php\/wp-json\/wp\/v2\/types\/page"}],"author":[{"embeddable":true,"href":"https:\/\/gamehub.dominioteste.eu\/index.php\/wp-json\/wp\/v2\/users\/1"}],"replies":[{"embeddable":true,"href":"https:\/\/gamehub.dominioteste.eu\/index.php\/wp-json\/wp\/v2\/comments?post=42"}],"version-history":[{"count":13,"href":"https:\/\/gamehub.dominioteste.eu\/index.php\/wp-json\/wp\/v2\/pages\/42\/revisions"}],"predecessor-version":[{"id":771,"href":"https:\/\/gamehub.dominioteste.eu\/index.php\/wp-json\/wp\/v2\/pages\/42\/revisions\/771"}],"wp:attachment":[{"href":"https:\/\/gamehub.dominioteste.eu\/index.php\/wp-json\/wp\/v2\/media?parent=42"}],"curies":[{"name":"wp","href":"https:\/\/api.w.org\/{rel}","templated":true}]}}