{"id":144,"date":"2025-11-23T19:54:31","date_gmt":"2025-11-23T19:54:31","guid":{"rendered":"https:\/\/gamehub.dominioteste.eu\/?page_id=144"},"modified":"2025-12-12T10:56:45","modified_gmt":"2025-12-12T10:56:45","slug":"sobre","status":"publish","type":"page","link":"https:\/\/gamehub.dominioteste.eu\/index.php\/sobre\/","title":{"rendered":"Sobre"},"content":{"rendered":"\t\t<div data-elementor-type=\"wp-page\" data-elementor-id=\"144\" class=\"elementor elementor-144\">\n\t\t\t\t<div class=\"elementor-element elementor-element-72d1f67 e-flex e-con-boxed e-con e-parent\" data-id=\"72d1f67\" data-element_type=\"container\">\n\t\t\t\t\t<div class=\"e-con-inner\">\n\t\t\t\t<div class=\"elementor-element elementor-element-5e34445 elementor-widget elementor-widget-heading\" data-id=\"5e34445\" data-element_type=\"widget\" data-widget_type=\"heading.default\">\n\t\t\t\t\t<h2 class=\"elementor-heading-title elementor-size-default\">Sobre N\u00f3s<\/h2>\t\t\t\t<\/div>\n\t\t\t\t<div class=\"elementor-element elementor-element-2694b40 elementor-widget elementor-widget-text-editor\" data-id=\"2694b40\" data-element_type=\"widget\" data-widget_type=\"text-editor.default\">\n\t\t\t\t\t\t\t\t\t<p><em>Bem-vindo ao GameHub, o sal\u00e3o de multijogos que proporciona divers\u00e3o sem limites!<\/em><\/p>\t\t\t\t\t\t\t\t<\/div>\n\t\t\t\t\t<\/div>\n\t\t\t\t<\/div>\n\t\t<div class=\"elementor-element elementor-element-576f85a e-flex e-con-boxed e-con e-parent\" data-id=\"576f85a\" data-element_type=\"container\">\n\t\t\t\t\t<div class=\"e-con-inner\">\n\t\t<div class=\"elementor-element elementor-element-3c50c3d e-con-full e-flex e-con e-child\" data-id=\"3c50c3d\" data-element_type=\"container\">\n\t\t\t\t<div class=\"elementor-element elementor-element-5a2f5af elementor-widget elementor-widget-text-editor\" data-id=\"5a2f5af\" data-element_type=\"widget\" data-widget_type=\"text-editor.default\">\n\t\t\t\t\t\t\t\t\t<section class=\"sobre-hero\"><h1><strong><span dir=\"auto\">Nossa Hist\u00f3ria<\/span><\/strong><\/h1><\/section><section class=\"sobre-conteudo\"><p><span dir=\"auto\">O GameHub foi fundado em 2020 com o objetivo de reunir os melhores jogos num s\u00f3 lugar. O GameHub \u00e9 um sal\u00e3o de multijogos localizado em Santa Maria da Feira, oferecendo uma experi\u00eancia completa de entretenimento para todas as idades. A empresa combina jogos digitais modernos, realidade virtual, jogos de tabuleiro e eventos competitivos, proporcionando um ambiente seguro e acolhedor para socializar, aprender e divertir-se. O GameHub aposta na inova\u00e7\u00e3o tecnol\u00f3gica, na cria\u00e7\u00e3o de comunidade e na organiza\u00e7\u00e3o de torneios e workshops, criando momentos memor\u00e1veis para jogadores e fam\u00edlias.<\/span><\/p><\/section>\t\t\t\t\t\t\t\t<\/div>\n\t\t\t\t<\/div>\n\t\t<div class=\"elementor-element elementor-element-ff2b552 e-con-full e-flex e-con e-child\" data-id=\"ff2b552\" data-element_type=\"container\">\n\t\t\t\t<div class=\"elementor-element elementor-element-6688296 elementor-widget elementor-widget-image\" data-id=\"6688296\" data-element_type=\"widget\" data-widget_type=\"image.default\">\n\t\t\t\t\t\t\t\t\t\t\t\t\t\t\t<img fetchpriority=\"high\" decoding=\"async\" width=\"800\" height=\"534\" src=\"https:\/\/gamehub.dominioteste.eu\/wp-content\/uploads\/2025\/11\/ChatGPT-Image-15_11_2025-17_05_34-1024x683.png\" class=\"attachment-large size-large wp-image-17\" alt=\"\" srcset=\"https:\/\/gamehub.dominioteste.eu\/wp-content\/uploads\/2025\/11\/ChatGPT-Image-15_11_2025-17_05_34-1024x683.png 1024w, https:\/\/gamehub.dominioteste.eu\/wp-content\/uploads\/2025\/11\/ChatGPT-Image-15_11_2025-17_05_34-300x200.png 300w, https:\/\/gamehub.dominioteste.eu\/wp-content\/uploads\/2025\/11\/ChatGPT-Image-15_11_2025-17_05_34-768x512.png 768w, https:\/\/gamehub.dominioteste.eu\/wp-content\/uploads\/2025\/11\/ChatGPT-Image-15_11_2025-17_05_34.png 1536w\" sizes=\"(max-width: 800px) 100vw, 800px\" \/>\t\t\t\t\t\t\t\t\t\t\t\t\t\t\t<\/div>\n\t\t\t\t<\/div>\n\t\t\t\t\t<\/div>\n\t\t\t\t<\/div>\n\t\t<div class=\"elementor-element elementor-element-e302aac e-flex e-con-boxed e-con e-parent\" data-id=\"e302aac\" data-element_type=\"container\">\n\t\t\t\t\t<div class=\"e-con-inner\">\n\t\t\t\t<div class=\"elementor-element elementor-element-30d3aad elementor-widget elementor-widget-heading\" data-id=\"30d3aad\" data-element_type=\"widget\" data-widget_type=\"heading.default\">\n\t\t\t\t\t<h2 class=\"elementor-heading-title elementor-size-default\">A nossa Miss\u00e3o<\/h2>\t\t\t\t<\/div>\n\t\t\t\t\t<\/div>\n\t\t\t\t<\/div>\n\t\t<div class=\"elementor-element elementor-element-10b78b9 e-flex e-con-boxed e-con e-parent\" data-id=\"10b78b9\" data-element_type=\"container\">\n\t\t\t\t\t<div class=\"e-con-inner\">\n\t\t\t\t<div class=\"elementor-element elementor-element-2af45a3 elementor-widget elementor-widget-text-editor\" data-id=\"2af45a3\" data-element_type=\"widget\" data-widget_type=\"text-editor.default\">\n\t\t\t\t\t\t\t\t\t<p>Proporcionar experi\u00eancias l\u00fadicas inovadoras e acess\u00edveis, promovendo a divers\u00e3o, a aprendizagem e a socializa\u00e7\u00e3o atrav\u00e9s de videojogos, jogos de mesa e tecnologias interativas, num espa\u00e7o seguro e acolhedor para todos.<\/p>\t\t\t\t\t\t\t\t<\/div>\n\t\t\t\t\t<\/div>\n\t\t\t\t<\/div>\n\t\t<div class=\"elementor-element elementor-element-7e60228 e-flex e-con-boxed e-con e-parent\" data-id=\"7e60228\" data-element_type=\"container\">\n\t\t\t\t\t<div class=\"e-con-inner\">\n\t\t\t\t<div class=\"elementor-element elementor-element-427e05c elementor-widget elementor-widget-heading\" data-id=\"427e05c\" data-element_type=\"widget\" data-widget_type=\"heading.default\">\n\t\t\t\t\t<h2 class=\"elementor-heading-title elementor-size-default\">Vis\u00e3o<\/h2>\t\t\t\t<\/div>\n\t\t\t\t\t<\/div>\n\t\t\t\t<\/div>\n\t\t<div class=\"elementor-element elementor-element-2c77282 e-flex e-con-boxed e-con e-parent\" data-id=\"2c77282\" data-element_type=\"container\">\n\t\t\t\t\t<div class=\"e-con-inner\">\n\t\t\t\t<div class=\"elementor-element elementor-element-02700fc elementor-widget elementor-widget-text-editor\" data-id=\"02700fc\" data-element_type=\"widget\" data-widget_type=\"text-editor.default\">\n\t\t\t\t\t\t\t\t\t<p>Ser refer\u00eancia nacional em entretenimento interativo e multijogos, reconhecida pela qualidade, inova\u00e7\u00e3o tecnol\u00f3gica e capacidade de criar comunidades de jogadores apaixonados.<\/p>\t\t\t\t\t\t\t\t<\/div>\n\t\t\t\t\t<\/div>\n\t\t\t\t<\/div>\n\t\t<div class=\"elementor-element elementor-element-200d075 e-flex e-con-boxed e-con e-parent\" data-id=\"200d075\" data-element_type=\"container\">\n\t\t\t\t\t<div class=\"e-con-inner\">\n\t\t\t\t<div class=\"elementor-element elementor-element-d10e2fe elementor-widget elementor-widget-heading\" data-id=\"d10e2fe\" data-element_type=\"widget\" data-widget_type=\"heading.default\">\n\t\t\t\t\t<h2 class=\"elementor-heading-title elementor-size-default\">Valores<\/h2>\t\t\t\t<\/div>\n\t\t\t\t\t<\/div>\n\t\t\t\t<\/div>\n\t\t<div class=\"elementor-element elementor-element-feb9100 e-flex e-con-boxed e-con e-parent\" data-id=\"feb9100\" data-element_type=\"container\">\n\t\t\t\t\t<div class=\"e-con-inner\">\n\t\t\t\t<div class=\"elementor-element elementor-element-acd945c elementor-widget elementor-widget-text-editor\" data-id=\"acd945c\" data-element_type=\"widget\" data-widget_type=\"text-editor.default\">\n\t\t\t\t\t\t\t\t\t<p>O Que Valorizamos&#8230;<\/p>\t\t\t\t\t\t\t\t<\/div>\n\t\t\t\t\t<\/div>\n\t\t\t\t<\/div>\n\t\t<div class=\"elementor-element elementor-element-c2a2915 e-flex e-con-boxed e-con e-parent\" data-id=\"c2a2915\" data-element_type=\"container\">\n\t\t\t\t\t<div class=\"e-con-inner\">\n\t\t<div class=\"elementor-element elementor-element-5dfde5f e-con-full e-flex e-con e-child\" data-id=\"5dfde5f\" data-element_type=\"container\" data-settings=\"{&quot;background_background&quot;:&quot;gradient&quot;}\">\n\t\t\t\t<div class=\"elementor-element elementor-element-2cd9e6f elementor-widget elementor-widget-image\" data-id=\"2cd9e6f\" data-element_type=\"widget\" data-widget_type=\"image.default\">\n\t\t\t\t\t\t\t\t\t\t\t\t\t\t\t<img decoding=\"async\" width=\"150\" height=\"150\" src=\"https:\/\/gamehub.dominioteste.eu\/wp-content\/uploads\/2025\/11\/Jogador-em-imersao-virtual-colorida-150x150.png\" class=\"attachment-thumbnail size-thumbnail wp-image-283\" alt=\"\" srcset=\"https:\/\/gamehub.dominioteste.eu\/wp-content\/uploads\/2025\/11\/Jogador-em-imersao-virtual-colorida-150x150.png 150w, https:\/\/gamehub.dominioteste.eu\/wp-content\/uploads\/2025\/11\/Jogador-em-imersao-virtual-colorida-300x300.png 300w, https:\/\/gamehub.dominioteste.eu\/wp-content\/uploads\/2025\/11\/Jogador-em-imersao-virtual-colorida-100x100.png 100w\" sizes=\"(max-width: 150px) 100vw, 150px\" \/>\t\t\t\t\t\t\t\t\t\t\t\t\t\t\t<\/div>\n\t\t\t\t<div class=\"elementor-element elementor-element-c7cbc81 elementor-widget elementor-widget-heading\" data-id=\"c7cbc81\" data-element_type=\"widget\" data-widget_type=\"heading.default\">\n\t\t\t\t\t<h2 class=\"elementor-heading-title elementor-size-default\">Inova\u00e7\u00e3o e Tecnologia<\/h2>\t\t\t\t<\/div>\n\t\t\t\t<div class=\"elementor-element elementor-element-60d4a55 elementor-widget elementor-widget-text-editor\" data-id=\"60d4a55\" data-element_type=\"widget\" data-widget_type=\"text-editor.default\">\n\t\t\t\t\t\t\t\t\t<p>Incorporaramos continuamente novas tend\u00eancias de jogos e tecnologia imersiva.<\/p>\t\t\t\t\t\t\t\t<\/div>\n\t\t\t\t<\/div>\n\t\t<div class=\"elementor-element elementor-element-0b8e302 e-con-full e-flex e-con e-child\" data-id=\"0b8e302\" data-element_type=\"container\" data-settings=\"{&quot;background_background&quot;:&quot;gradient&quot;}\">\n\t\t\t\t<div class=\"elementor-element elementor-element-c5ffc0b elementor-widget elementor-widget-image\" data-id=\"c5ffc0b\" data-element_type=\"widget\" data-widget_type=\"image.default\">\n\t\t\t\t\t\t\t\t\t\t\t\t\t\t\t<img decoding=\"async\" width=\"150\" height=\"150\" src=\"https:\/\/gamehub.dominioteste.eu\/wp-content\/uploads\/2025\/11\/ChatGPT-Image-29_11_2025-11_16_27-150x150.png\" class=\"attachment-thumbnail size-thumbnail wp-image-285\" alt=\"\" srcset=\"https:\/\/gamehub.dominioteste.eu\/wp-content\/uploads\/2025\/11\/ChatGPT-Image-29_11_2025-11_16_27-150x150.png 150w, https:\/\/gamehub.dominioteste.eu\/wp-content\/uploads\/2025\/11\/ChatGPT-Image-29_11_2025-11_16_27-300x300.png 300w, https:\/\/gamehub.dominioteste.eu\/wp-content\/uploads\/2025\/11\/ChatGPT-Image-29_11_2025-11_16_27-100x100.png 100w\" sizes=\"(max-width: 150px) 100vw, 150px\" \/>\t\t\t\t\t\t\t\t\t\t\t\t\t\t\t<\/div>\n\t\t\t\t<div class=\"elementor-element elementor-element-5085af4 elementor-widget elementor-widget-heading\" data-id=\"5085af4\" data-element_type=\"widget\" data-widget_type=\"heading.default\">\n\t\t\t\t\t<h2 class=\"elementor-heading-title elementor-size-default\">Divers\u00e3o e Experi\u00eancia<\/h2>\t\t\t\t<\/div>\n\t\t\t\t<div class=\"elementor-element elementor-element-d1d97e8 elementor-widget elementor-widget-text-editor\" data-id=\"d1d97e8\" data-element_type=\"widget\" data-widget_type=\"text-editor.default\">\n\t\t\t\t\t\t\t\t\t<p>Priorizamos o entretenimento e a experi\u00eancia positiva de cada visitante.<\/p>\t\t\t\t\t\t\t\t<\/div>\n\t\t\t\t<\/div>\n\t\t<div class=\"elementor-element elementor-element-ff9f57d e-con-full e-flex e-con e-child\" data-id=\"ff9f57d\" data-element_type=\"container\" data-settings=\"{&quot;background_background&quot;:&quot;gradient&quot;}\">\n\t\t\t\t<div class=\"elementor-element elementor-element-0c550dd elementor-widget elementor-widget-image\" data-id=\"0c550dd\" data-element_type=\"widget\" data-widget_type=\"image.default\">\n\t\t\t\t\t\t\t\t\t\t\t\t\t\t\t<img loading=\"lazy\" decoding=\"async\" width=\"150\" height=\"150\" src=\"https:\/\/gamehub.dominioteste.eu\/wp-content\/uploads\/2025\/11\/ChatGPT-Image-29_11_2025-11_16_31-150x150.png\" class=\"attachment-thumbnail size-thumbnail wp-image-284\" alt=\"\" srcset=\"https:\/\/gamehub.dominioteste.eu\/wp-content\/uploads\/2025\/11\/ChatGPT-Image-29_11_2025-11_16_31-150x150.png 150w, https:\/\/gamehub.dominioteste.eu\/wp-content\/uploads\/2025\/11\/ChatGPT-Image-29_11_2025-11_16_31-300x300.png 300w, https:\/\/gamehub.dominioteste.eu\/wp-content\/uploads\/2025\/11\/ChatGPT-Image-29_11_2025-11_16_31-100x100.png 100w\" sizes=\"(max-width: 150px) 100vw, 150px\" \/>\t\t\t\t\t\t\t\t\t\t\t\t\t\t\t<\/div>\n\t\t\t\t<div class=\"elementor-element elementor-element-8e205af elementor-widget elementor-widget-heading\" data-id=\"8e205af\" data-element_type=\"widget\" data-widget_type=\"heading.default\">\n\t\t\t\t\t<h2 class=\"elementor-heading-title elementor-size-default\">Comunidade e Inclus\u00e3o<\/h2>\t\t\t\t<\/div>\n\t\t\t\t<div class=\"elementor-element elementor-element-a5848a4 elementor-widget elementor-widget-text-editor\" data-id=\"a5848a4\" data-element_type=\"widget\" data-widget_type=\"text-editor.default\">\n\t\t\t\t\t\t\t\t\t<p>Criamos um ambiente acolhedor, inclusivo e colaborativo.<\/p>\t\t\t\t\t\t\t\t<\/div>\n\t\t\t\t<\/div>\n\t\t<div class=\"elementor-element elementor-element-41b43c7 e-con-full e-flex e-con e-child\" data-id=\"41b43c7\" data-element_type=\"container\" data-settings=\"{&quot;background_background&quot;:&quot;gradient&quot;}\">\n\t\t\t\t<div class=\"elementor-element elementor-element-1f8a142 elementor-widget elementor-widget-image\" data-id=\"1f8a142\" data-element_type=\"widget\" data-widget_type=\"image.default\">\n\t\t\t\t\t\t\t\t\t\t\t\t\t\t\t<img loading=\"lazy\" decoding=\"async\" width=\"150\" height=\"150\" src=\"https:\/\/gamehub.dominioteste.eu\/wp-content\/uploads\/2025\/11\/ChatGPT-Image-29_11_2025-11_27_08-150x150.png\" class=\"attachment-thumbnail size-thumbnail wp-image-291\" alt=\"\" srcset=\"https:\/\/gamehub.dominioteste.eu\/wp-content\/uploads\/2025\/11\/ChatGPT-Image-29_11_2025-11_27_08-150x150.png 150w, https:\/\/gamehub.dominioteste.eu\/wp-content\/uploads\/2025\/11\/ChatGPT-Image-29_11_2025-11_27_08-300x300.png 300w, https:\/\/gamehub.dominioteste.eu\/wp-content\/uploads\/2025\/11\/ChatGPT-Image-29_11_2025-11_27_08-100x100.png 100w\" sizes=\"(max-width: 150px) 100vw, 150px\" \/>\t\t\t\t\t\t\t\t\t\t\t\t\t\t\t<\/div>\n\t\t\t\t<div class=\"elementor-element elementor-element-b13d83d elementor-widget elementor-widget-heading\" data-id=\"b13d83d\" data-element_type=\"widget\" data-widget_type=\"heading.default\">\n\t\t\t\t\t<h2 class=\"elementor-heading-title elementor-size-default\">\u00c9tica e Responsabilidade<\/h2>\t\t\t\t<\/div>\n\t\t\t\t<div class=\"elementor-element elementor-element-4dbbefc elementor-widget elementor-widget-text-editor\" data-id=\"4dbbefc\" data-element_type=\"widget\" data-widget_type=\"text-editor.default\">\n\t\t\t\t\t\t\t\t\t<p>Garantimos pr\u00e1ticas justas, seguras e respeitadoras do bem-estar dos clientes.<\/p>\t\t\t\t\t\t\t\t<\/div>\n\t\t\t\t<\/div>\n\t\t<div class=\"elementor-element elementor-element-6f6670b e-con-full e-flex e-con e-child\" data-id=\"6f6670b\" data-element_type=\"container\" data-settings=\"{&quot;background_background&quot;:&quot;gradient&quot;}\">\n\t\t\t\t<div class=\"elementor-element elementor-element-55777c5 elementor-widget elementor-widget-image\" data-id=\"55777c5\" data-element_type=\"widget\" data-widget_type=\"image.default\">\n\t\t\t\t\t\t\t\t\t\t\t\t\t\t\t<img loading=\"lazy\" decoding=\"async\" width=\"150\" height=\"150\" src=\"https:\/\/gamehub.dominioteste.eu\/wp-content\/uploads\/2025\/12\/aprendizagem-150x150.jpg\" class=\"attachment-thumbnail size-thumbnail wp-image-402\" alt=\"\" \/>\t\t\t\t\t\t\t\t\t\t\t\t\t\t\t<\/div>\n\t\t\t\t<div class=\"elementor-element elementor-element-73b9429 elementor-widget elementor-widget-heading\" data-id=\"73b9429\" data-element_type=\"widget\" data-widget_type=\"heading.default\">\n\t\t\t\t\t<h2 class=\"elementor-heading-title elementor-size-default\">Aprendizagem e Criatividade<\/h2>\t\t\t\t<\/div>\n\t\t\t\t<div class=\"elementor-element elementor-element-10e8be6 elementor-widget elementor-widget-text-editor\" data-id=\"10e8be6\" data-element_type=\"widget\" data-widget_type=\"text-editor.default\">\n\t\t\t\t\t\t\t\t\t<p>Incentivamos a aprendizagem atrav\u00e9s do jogo e a express\u00e3o criativa.<\/p>\t\t\t\t\t\t\t\t<\/div>\n\t\t\t\t<\/div>\n\t\t<div class=\"elementor-element elementor-element-1d0ebd9 e-con-full e-flex e-con e-child\" data-id=\"1d0ebd9\" data-element_type=\"container\" data-settings=\"{&quot;background_background&quot;:&quot;gradient&quot;}\">\n\t\t\t\t<div class=\"elementor-element elementor-element-bfebf9d elementor-widget elementor-widget-image\" data-id=\"bfebf9d\" data-element_type=\"widget\" data-widget_type=\"image.default\">\n\t\t\t\t\t\t\t\t\t\t\t\t\t\t\t<img loading=\"lazy\" decoding=\"async\" width=\"150\" height=\"150\" src=\"https:\/\/gamehub.dominioteste.eu\/wp-content\/uploads\/2025\/12\/sustentabilidade-150x150.jpg\" class=\"attachment-thumbnail size-thumbnail wp-image-404\" alt=\"\" \/>\t\t\t\t\t\t\t\t\t\t\t\t\t\t\t<\/div>\n\t\t\t\t<div class=\"elementor-element elementor-element-d2a16ae elementor-widget elementor-widget-heading\" data-id=\"d2a16ae\" data-element_type=\"widget\" data-widget_type=\"heading.default\">\n\t\t\t\t\t<h2 class=\"elementor-heading-title elementor-size-default\">Sustentabilidade<\/h2>\t\t\t\t<\/div>\n\t\t\t\t<div class=\"elementor-element elementor-element-89f4fdc elementor-widget elementor-widget-text-editor\" data-id=\"89f4fdc\" data-element_type=\"widget\" data-widget_type=\"text-editor.default\">\n\t\t\t\t\t\t\t\t\t<p>Reduzimos impacto ambiental em opera\u00e7\u00f5es e promovendo pr\u00e1ticas respons\u00e1veis.<\/p>\t\t\t\t\t\t\t\t<\/div>\n\t\t\t\t<\/div>\n\t\t\t\t\t<\/div>\n\t\t\t\t<\/div>\n\t\t<div class=\"elementor-element elementor-element-061d620 e-flex e-con-boxed e-con e-parent\" data-id=\"061d620\" data-element_type=\"container\">\n\t\t\t\t\t<div class=\"e-con-inner\">\n\t\t\t\t<div class=\"elementor-element elementor-element-e64b31f elementor-align-right elementor-widget elementor-widget-button\" data-id=\"e64b31f\" data-element_type=\"widget\" data-widget_type=\"button.default\">\n\t\t\t\t\t\t\t\t\t\t<a class=\"elementor-button elementor-button-link elementor-size-sm\" href=\"\/index.php\/home\/\">\n\t\t\t\t\t\t<span class=\"elementor-button-content-wrapper\">\n\t\t\t\t\t\t\t\t\t<span class=\"elementor-button-text\">Voltar<\/span>\n\t\t\t\t\t<\/span>\n\t\t\t\t\t<\/a>\n\t\t\t\t\t\t\t\t<\/div>\n\t\t\t\t\t<\/div>\n\t\t\t\t<\/div>\n\t\t\t\t<\/div>\n\t\t\n    <div class=\"xs_social_share_widget xs_share_url after_content \t\tmain_content  wslu-style-1 wslu-share-box-shaped wslu-fill-colored wslu-none wslu-share-horizontal wslu-theme-font-no wslu-main_content\">\n\n\t\t\n        <ul>\n\t\t\t        <\/ul>\n    <\/div> \n","protected":false},"excerpt":{"rendered":"<p>Sobre N\u00f3s Bem-vindo ao GameHub, o sal\u00e3o de multijogos que proporciona divers\u00e3o sem limites! Nossa Hist\u00f3ria O GameHub foi fundado em 2020 com o objetivo de reunir os melhores jogos num s\u00f3 lugar. O GameHub \u00e9 um sal\u00e3o de multijogos localizado em Santa Maria da Feira, oferecendo uma experi\u00eancia completa de entretenimento para todas as [&hellip;]<\/p>\n","protected":false},"author":1,"featured_media":0,"parent":0,"menu_order":0,"comment_status":"closed","ping_status":"closed","template":"","meta":{"postBodyCss":"","postBodyMargin":[],"postBodyPadding":[],"postBodyBackground":{"backgroundType":"classic","gradient":""},"footnotes":""},"class_list":["post-144","page","type-page","status-publish","hentry"],"_links":{"self":[{"href":"https:\/\/gamehub.dominioteste.eu\/index.php\/wp-json\/wp\/v2\/pages\/144","targetHints":{"allow":["GET"]}}],"collection":[{"href":"https:\/\/gamehub.dominioteste.eu\/index.php\/wp-json\/wp\/v2\/pages"}],"about":[{"href":"https:\/\/gamehub.dominioteste.eu\/index.php\/wp-json\/wp\/v2\/types\/page"}],"author":[{"embeddable":true,"href":"https:\/\/gamehub.dominioteste.eu\/index.php\/wp-json\/wp\/v2\/users\/1"}],"replies":[{"embeddable":true,"href":"https:\/\/gamehub.dominioteste.eu\/index.php\/wp-json\/wp\/v2\/comments?post=144"}],"version-history":[{"count":25,"href":"https:\/\/gamehub.dominioteste.eu\/index.php\/wp-json\/wp\/v2\/pages\/144\/revisions"}],"predecessor-version":[{"id":407,"href":"https:\/\/gamehub.dominioteste.eu\/index.php\/wp-json\/wp\/v2\/pages\/144\/revisions\/407"}],"wp:attachment":[{"href":"https:\/\/gamehub.dominioteste.eu\/index.php\/wp-json\/wp\/v2\/media?parent=144"}],"curies":[{"name":"wp","href":"https:\/\/api.w.org\/{rel}","templated":true}]}}