{"id":139,"date":"2025-11-23T19:50:19","date_gmt":"2025-11-23T19:50:19","guid":{"rendered":"https:\/\/gamehub.dominioteste.eu\/?page_id=139"},"modified":"2025-11-26T19:49:43","modified_gmt":"2025-11-26T19:49:43","slug":"reciclagem","status":"publish","type":"page","link":"https:\/\/gamehub.dominioteste.eu\/index.php\/reciclagem\/","title":{"rendered":"Reciclagem"},"content":{"rendered":"\t\t<div data-elementor-type=\"wp-page\" data-elementor-id=\"139\" class=\"elementor elementor-139\">\n\t\t\t\t<div class=\"elementor-element elementor-element-3d4dd82 e-flex e-con-boxed e-con e-parent\" data-id=\"3d4dd82\" data-element_type=\"container\" data-settings=\"{&quot;background_background&quot;:&quot;gradient&quot;}\">\n\t\t\t\t\t<div class=\"e-con-inner\">\n\t\t\t\t<div class=\"elementor-element elementor-element-3e99312 elementor-widget elementor-widget-heading\" data-id=\"3e99312\" data-element_type=\"widget\" data-widget_type=\"heading.default\">\n\t\t\t\t\t<h2 class=\"elementor-heading-title elementor-size-default\">Reciclagem<\/h2>\t\t\t\t<\/div>\n\t\t\t\t<div class=\"elementor-element elementor-element-0710c26 elementor-widget elementor-widget-text-editor\" data-id=\"0710c26\" data-element_type=\"widget\" data-widget_type=\"text-editor.default\">\n\t\t\t\t\t\t\t\t\t<p>Um compromisso ambiental para um futuro mais limpo.<\/p>\t\t\t\t\t\t\t\t<\/div>\n\t\t\t\t\t<\/div>\n\t\t\t\t<\/div>\n\t\t<div class=\"elementor-element elementor-element-fd02c67 e-flex e-con-boxed e-con e-parent\" data-id=\"fd02c67\" data-element_type=\"container\">\n\t\t\t\t\t<div class=\"e-con-inner\">\n\t\t\t\t<div class=\"elementor-element elementor-element-aa5e9a6 elementor-widget elementor-widget-heading\" data-id=\"aa5e9a6\" data-element_type=\"widget\" data-widget_type=\"heading.default\">\n\t\t\t\t\t<h2 class=\"elementor-heading-title elementor-size-default\">1. A import\u00e2ncia da reciclagem para o GameHub<\/h2>\t\t\t\t<\/div>\n\t\t\t\t\t<\/div>\n\t\t\t\t<\/div>\n\t\t<div class=\"elementor-element elementor-element-f3d95e4 e-flex e-con-boxed e-con e-parent\" data-id=\"f3d95e4\" data-element_type=\"container\">\n\t\t\t\t\t<div class=\"e-con-inner\">\n\t\t\t\t<div class=\"elementor-element elementor-element-e236597 elementor-widget elementor-widget-text-editor\" data-id=\"e236597\" data-element_type=\"widget\" data-widget_type=\"text-editor.default\">\n\t\t\t\t\t\t\t\t\t<p data-start=\"5235\" data-end=\"5463\">A reciclagem \u00e9 um pilar essencial da nossa pol\u00edtica ambiental.<br data-start=\"5297\" data-end=\"5300\" \/>No GameHub acreditamos que pequenas a\u00e7\u00f5es podem gerar grandes impactos e trabalhamos todos os dias para reduzir, reutilizar e reciclar os materiais que utilizamos.<\/p>\t\t\t\t\t\t\t\t<\/div>\n\t\t\t\t\t<\/div>\n\t\t\t\t<\/div>\n\t\t<div class=\"elementor-element elementor-element-1b8e948 e-flex e-con-boxed e-con e-parent\" data-id=\"1b8e948\" data-element_type=\"container\">\n\t\t\t\t\t<div class=\"e-con-inner\">\n\t\t\t\t<div class=\"elementor-element elementor-element-fc44465 elementor-widget elementor-widget-heading\" data-id=\"fc44465\" data-element_type=\"widget\" data-widget_type=\"heading.default\">\n\t\t\t\t\t<h2 class=\"elementor-heading-title elementor-size-default\">2. Como reciclamos<\/h2>\t\t\t\t<\/div>\n\t\t\t\t\t<\/div>\n\t\t\t\t<\/div>\n\t\t<div class=\"elementor-element elementor-element-7c142fe e-flex e-con-boxed e-con e-parent\" data-id=\"7c142fe\" data-element_type=\"container\">\n\t\t\t\t\t<div class=\"e-con-inner\">\n\t\t\t\t<div class=\"elementor-element elementor-element-2dc1df5 elementor-widget elementor-widget-text-editor\" data-id=\"2dc1df5\" data-element_type=\"widget\" data-widget_type=\"text-editor.default\">\n\t\t\t\t\t\t\t\t\t<p data-start=\"5497\" data-end=\"5551\">Implementamos diversas medidas dentro do nosso espa\u00e7o:<\/p><ul data-start=\"5553\" data-end=\"5740\"><li data-start=\"5553\" data-end=\"5593\"><p data-start=\"5555\" data-end=\"5593\">Ecopontos estrategicamente colocados<\/p><\/li><li data-start=\"5594\" data-end=\"5641\"><p data-start=\"5596\" data-end=\"5641\">Separa\u00e7\u00e3o de papel, pl\u00e1stico, vidro e metal<\/p><\/li><li data-start=\"5642\" data-end=\"5697\"><p data-start=\"5644\" data-end=\"5697\">Parcerias com empresas respons\u00e1veis pela reciclagem<\/p><\/li><li data-start=\"5698\" data-end=\"5740\"><p data-start=\"5700\" data-end=\"5740\">Minimiza\u00e7\u00e3o de res\u00edduos desnecess\u00e1rios<\/p><\/li><\/ul>\t\t\t\t\t\t\t\t<\/div>\n\t\t\t\t\t<\/div>\n\t\t\t\t<\/div>\n\t\t<div class=\"elementor-element elementor-element-3756527 e-flex e-con-boxed e-con e-parent\" data-id=\"3756527\" data-element_type=\"container\">\n\t\t\t\t\t<div class=\"e-con-inner\">\n\t\t\t\t<div class=\"elementor-element elementor-element-79d9e3c elementor-widget elementor-widget-heading\" data-id=\"79d9e3c\" data-element_type=\"widget\" data-widget_type=\"heading.default\">\n\t\t\t\t\t<h2 class=\"elementor-heading-title elementor-size-default\">3. O que podes reciclar no GameHub<\/h2>\t\t\t\t<\/div>\n\t\t\t\t\t<\/div>\n\t\t\t\t<\/div>\n\t\t<div class=\"elementor-element elementor-element-66b5308 e-flex e-con-boxed e-con e-parent\" data-id=\"66b5308\" data-element_type=\"container\">\n\t\t\t\t\t<div class=\"e-con-inner\">\n\t\t\t\t<div class=\"elementor-element elementor-element-15036c8 elementor-widget elementor-widget-text-editor\" data-id=\"15036c8\" data-element_type=\"widget\" data-widget_type=\"text-editor.default\">\n\t\t\t\t\t\t\t\t\t<p data-start=\"5790\" data-end=\"5869\">Dentro das nossas instala\u00e7\u00f5es poder\u00e1s encontrar locais pr\u00f3prios para depositar:<\/p><ul data-start=\"5871\" data-end=\"5967\"><li data-start=\"5871\" data-end=\"5891\"><p data-start=\"5873\" data-end=\"5891\">Garrafas e latas<\/p><\/li><li data-start=\"5892\" data-end=\"5916\"><p data-start=\"5894\" data-end=\"5916\">Embalagens de snacks<\/p><\/li><li data-start=\"5917\" data-end=\"5936\"><p data-start=\"5919\" data-end=\"5936\">Papel e cart\u00f5es<\/p><\/li><li data-start=\"5937\" data-end=\"5967\"><p data-start=\"5939\" data-end=\"5967\">Sacos e pl\u00e1sticos diversos<\/p><\/li><\/ul>\t\t\t\t\t\t\t\t<\/div>\n\t\t\t\t\t<\/div>\n\t\t\t\t<\/div>\n\t\t<div class=\"elementor-element elementor-element-3f062c0 e-flex e-con-boxed e-con e-parent\" data-id=\"3f062c0\" data-element_type=\"container\">\n\t\t\t\t\t<div class=\"e-con-inner\">\n\t\t\t\t<div class=\"elementor-element elementor-element-b058174 elementor-widget elementor-widget-heading\" data-id=\"b058174\" data-element_type=\"widget\" data-widget_type=\"heading.default\">\n\t\t\t\t\t<h2 class=\"elementor-heading-title elementor-size-default\">4. Reciclagem de lixo eletr\u00f3nico<\/h2>\t\t\t\t<\/div>\n\t\t\t\t\t<\/div>\n\t\t\t\t<\/div>\n\t\t<div class=\"elementor-element elementor-element-3360637 e-flex e-con-boxed e-con e-parent\" data-id=\"3360637\" data-element_type=\"container\">\n\t\t\t\t\t<div class=\"e-con-inner\">\n\t\t\t\t<div class=\"elementor-element elementor-element-27a6ae4 elementor-widget elementor-widget-text-editor\" data-id=\"27a6ae4\" data-element_type=\"widget\" data-widget_type=\"text-editor.default\">\n\t\t\t\t\t\t\t\t\t<p data-start=\"6015\" data-end=\"6064\">O GameHub d\u00e1 prioridade ao tratamento correto de:<\/p><ul data-start=\"6066\" data-end=\"6205\"><li data-start=\"6066\" data-end=\"6102\"><p data-start=\"6068\" data-end=\"6102\">Equipamentos eletr\u00f3nicos antigos<\/p><\/li><li data-start=\"6103\" data-end=\"6138\"><p data-start=\"6105\" data-end=\"6138\">Cabos e perif\u00e9ricos danificados<\/p><\/li><li data-start=\"6139\" data-end=\"6163\"><p data-start=\"6141\" data-end=\"6163\">Acess\u00f3rios obsoletos<\/p><\/li><li data-start=\"6164\" data-end=\"6205\"><p data-start=\"6166\" data-end=\"6205\">Componentes inform\u00e1ticos inutilizados<\/p><\/li><\/ul><p data-start=\"6207\" data-end=\"6294\">Tudo \u00e9 encaminhado para parceiros especializados em reciclagem de res\u00edduos eletr\u00f3nicos.<\/p>\t\t\t\t\t\t\t\t<\/div>\n\t\t\t\t\t<\/div>\n\t\t\t\t<\/div>\n\t\t<div class=\"elementor-element elementor-element-91b4953 e-flex e-con-boxed e-con e-parent\" data-id=\"91b4953\" data-element_type=\"container\">\n\t\t\t\t\t<div class=\"e-con-inner\">\n\t\t\t\t<div class=\"elementor-element elementor-element-dae5a99 elementor-widget elementor-widget-heading\" data-id=\"dae5a99\" data-element_type=\"widget\" data-widget_type=\"heading.default\">\n\t\t\t\t\t<h2 class=\"elementor-heading-title elementor-size-default\">5. A\u00e7\u00f5es internas e sensibiliza\u00e7\u00e3o<\/h2>\t\t\t\t<\/div>\n\t\t\t\t\t<\/div>\n\t\t\t\t<\/div>\n\t\t<div class=\"elementor-element elementor-element-015a4f5 e-flex e-con-boxed e-con e-parent\" data-id=\"015a4f5\" data-element_type=\"container\">\n\t\t\t\t\t<div class=\"e-con-inner\">\n\t\t\t\t<div class=\"elementor-element elementor-element-4d724c3 elementor-widget elementor-widget-text-editor\" data-id=\"4d724c3\" data-element_type=\"widget\" data-widget_type=\"text-editor.default\">\n\t\t\t\t\t\t\t\t\t<p>A nossa equipa recebe forma\u00e7\u00e3o regular sobre boas pr\u00e1ticas ambientais.<br data-start=\"6414\" data-end=\"6417\" \/>Incentivamos igualmente os nossos clientes a participarem e contribu\u00edrem para um espa\u00e7o mais limpo e eficiente.<\/p>\t\t\t\t\t\t\t\t<\/div>\n\t\t\t\t\t<\/div>\n\t\t\t\t<\/div>\n\t\t<div class=\"elementor-element elementor-element-d12d795 e-flex e-con-boxed e-con e-parent\" data-id=\"d12d795\" data-element_type=\"container\">\n\t\t\t\t\t<div class=\"e-con-inner\">\n\t\t\t\t<div class=\"elementor-element elementor-element-d4b68de elementor-align-right elementor-widget elementor-widget-button\" data-id=\"d4b68de\" data-element_type=\"widget\" data-widget_type=\"button.default\">\n\t\t\t\t\t\t\t\t\t\t<a class=\"elementor-button elementor-button-link elementor-size-sm\" href=\"\/index.php\/home\/\">\n\t\t\t\t\t\t<span class=\"elementor-button-content-wrapper\">\n\t\t\t\t\t\t\t\t\t<span class=\"elementor-button-text\">Voltar<\/span>\n\t\t\t\t\t<\/span>\n\t\t\t\t\t<\/a>\n\t\t\t\t\t\t\t\t<\/div>\n\t\t\t\t\t<\/div>\n\t\t\t\t<\/div>\n\t\t<div class=\"elementor-element elementor-element-b4a5fe8 e-flex e-con-boxed e-con e-parent\" data-id=\"b4a5fe8\" data-element_type=\"container\" data-settings=\"{&quot;background_background&quot;:&quot;gradient&quot;}\">\n\t\t\t\t\t<div class=\"e-con-inner\">\n\t\t\t\t<div class=\"elementor-element elementor-element-ad81a5b elementor-widget elementor-widget-heading\" data-id=\"ad81a5b\" data-element_type=\"widget\" data-widget_type=\"heading.default\">\n\t\t\t\t\t<h2 class=\"elementor-heading-title elementor-size-default\">Juntos podemos fazer a diferen\u00e7a.<\/h2>\t\t\t\t<\/div>\n\t\t\t\t<div class=\"elementor-element elementor-element-6057423 elementor-widget elementor-widget-heading\" data-id=\"6057423\" data-element_type=\"widget\" data-widget_type=\"heading.default\">\n\t\t\t\t\t<h2 class=\"elementor-heading-title elementor-size-default\">Reciclar \u00e9 um gesto simples \u2014 e todos ganham com isso.<\/h2>\t\t\t\t<\/div>\n\t\t\t\t\t<\/div>\n\t\t\t\t<\/div>\n\t\t\t\t<\/div>\n\t\t\n    <div class=\"xs_social_share_widget xs_share_url after_content \t\tmain_content  wslu-style-1 wslu-share-box-shaped wslu-fill-colored wslu-none wslu-share-horizontal wslu-theme-font-no wslu-main_content\">\n\n\t\t\n        <ul>\n\t\t\t        <\/ul>\n    <\/div> \n","protected":false},"excerpt":{"rendered":"<p>Reciclagem Um compromisso ambiental para um futuro mais limpo. 1. A import\u00e2ncia da reciclagem para o GameHub A reciclagem \u00e9 um pilar essencial da nossa pol\u00edtica ambiental.No GameHub acreditamos que pequenas a\u00e7\u00f5es podem gerar grandes impactos e trabalhamos todos os dias para reduzir, reutilizar e reciclar os materiais que utilizamos. 2. Como reciclamos Implementamos diversas [&hellip;]<\/p>\n","protected":false},"author":1,"featured_media":0,"parent":0,"menu_order":0,"comment_status":"closed","ping_status":"closed","template":"","meta":{"postBodyCss":"","postBodyMargin":[],"postBodyPadding":[],"postBodyBackground":{"backgroundType":"classic","gradient":""},"footnotes":""},"class_list":["post-139","page","type-page","status-publish","hentry"],"_links":{"self":[{"href":"https:\/\/gamehub.dominioteste.eu\/index.php\/wp-json\/wp\/v2\/pages\/139","targetHints":{"allow":["GET"]}}],"collection":[{"href":"https:\/\/gamehub.dominioteste.eu\/index.php\/wp-json\/wp\/v2\/pages"}],"about":[{"href":"https:\/\/gamehub.dominioteste.eu\/index.php\/wp-json\/wp\/v2\/types\/page"}],"author":[{"embeddable":true,"href":"https:\/\/gamehub.dominioteste.eu\/index.php\/wp-json\/wp\/v2\/users\/1"}],"replies":[{"embeddable":true,"href":"https:\/\/gamehub.dominioteste.eu\/index.php\/wp-json\/wp\/v2\/comments?post=139"}],"version-history":[{"count":7,"href":"https:\/\/gamehub.dominioteste.eu\/index.php\/wp-json\/wp\/v2\/pages\/139\/revisions"}],"predecessor-version":[{"id":230,"href":"https:\/\/gamehub.dominioteste.eu\/index.php\/wp-json\/wp\/v2\/pages\/139\/revisions\/230"}],"wp:attachment":[{"href":"https:\/\/gamehub.dominioteste.eu\/index.php\/wp-json\/wp\/v2\/media?parent=139"}],"curies":[{"name":"wp","href":"https:\/\/api.w.org\/{rel}","templated":true}]}}