{"id":125,"date":"2025-11-23T16:33:45","date_gmt":"2025-11-23T16:33:45","guid":{"rendered":"https:\/\/gamehub.dominioteste.eu\/?page_id=125"},"modified":"2025-11-26T11:25:00","modified_gmt":"2025-11-26T11:25:00","slug":"termos-de-uso","status":"publish","type":"page","link":"https:\/\/gamehub.dominioteste.eu\/index.php\/termos-de-uso\/","title":{"rendered":"Termos de Uso"},"content":{"rendered":"\t\t<div data-elementor-type=\"wp-page\" data-elementor-id=\"125\" class=\"elementor elementor-125\">\n\t\t\t\t<div class=\"elementor-element elementor-element-0c47cc6 e-flex e-con-boxed e-con e-parent\" data-id=\"0c47cc6\" data-element_type=\"container\">\n\t\t\t\t\t<div class=\"e-con-inner\">\n\t\t\t\t<div class=\"elementor-element elementor-element-ee3a197 elementor-widget elementor-widget-heading\" data-id=\"ee3a197\" data-element_type=\"widget\" data-widget_type=\"heading.default\">\n\t\t\t\t\t<h2 class=\"elementor-heading-title elementor-size-default\">Termos de Uso<\/h2>\t\t\t\t<\/div>\n\t\t\t\t\t<\/div>\n\t\t\t\t<\/div>\n\t\t<div class=\"elementor-element elementor-element-7cca814 e-flex e-con-boxed e-con e-parent\" data-id=\"7cca814\" data-element_type=\"container\">\n\t\t\t\t\t<div class=\"e-con-inner\">\n\t\t\t\t<div class=\"elementor-element elementor-element-ab032d7 elementor-widget elementor-widget-text-editor\" data-id=\"ab032d7\" data-element_type=\"widget\" data-widget_type=\"text-editor.default\">\n\t\t\t\t\t\t\t\t\t<p>Ao aceder e utilizar o site\u00a0<strong>GameHub<\/strong>, concorda com os presentes Termos de Uso. Caso n\u00e3o concorde, deve cessar imediatamente a utiliza\u00e7\u00e3o.<\/p>\t\t\t\t\t\t\t\t<\/div>\n\t\t\t\t\t<\/div>\n\t\t\t\t<\/div>\n\t\t<div class=\"elementor-element elementor-element-70832d8 e-flex e-con-boxed e-con e-parent\" data-id=\"70832d8\" data-element_type=\"container\">\n\t\t\t\t\t<div class=\"e-con-inner\">\n\t\t\t\t<div class=\"elementor-element elementor-element-670e558 elementor-widget elementor-widget-heading\" data-id=\"670e558\" data-element_type=\"widget\" data-widget_type=\"heading.default\">\n\t\t\t\t\t<h2 class=\"elementor-heading-title elementor-size-default\">1. Acesso e Utiliza\u00e7\u00e3o<\/h2>\t\t\t\t<\/div>\n\t\t\t\t\t<\/div>\n\t\t\t\t<\/div>\n\t\t<div class=\"elementor-element elementor-element-ed651ef e-flex e-con-boxed e-con e-parent\" data-id=\"ed651ef\" data-element_type=\"container\">\n\t\t\t\t\t<div class=\"e-con-inner\">\n\t\t\t\t<div class=\"elementor-element elementor-element-3f12b77 elementor-widget elementor-widget-text-editor\" data-id=\"3f12b77\" data-element_type=\"widget\" data-widget_type=\"text-editor.default\">\n\t\t\t\t\t\t\t\t\t<p>Os servi\u00e7os disponibilizados destinam-se a uso pessoal e recreativo. \u00c9 proibido o uso indevido, nomeadamente atrav\u00e9s de tentativas de acesso n\u00e3o autorizado ao sistema.<\/p>\t\t\t\t\t\t\t\t<\/div>\n\t\t\t\t\t<\/div>\n\t\t\t\t<\/div>\n\t\t<div class=\"elementor-element elementor-element-4fb4d62 e-flex e-con-boxed e-con e-parent\" data-id=\"4fb4d62\" data-element_type=\"container\">\n\t\t\t\t\t<div class=\"e-con-inner\">\n\t\t\t\t<div class=\"elementor-element elementor-element-981a715 elementor-widget elementor-widget-heading\" data-id=\"981a715\" data-element_type=\"widget\" data-widget_type=\"heading.default\">\n\t\t\t\t\t<h2 class=\"elementor-heading-title elementor-size-default\">2. Registo de Conta<\/h2>\t\t\t\t<\/div>\n\t\t\t\t\t<\/div>\n\t\t\t\t<\/div>\n\t\t<div class=\"elementor-element elementor-element-689f45e e-flex e-con-boxed e-con e-parent\" data-id=\"689f45e\" data-element_type=\"container\">\n\t\t\t\t\t<div class=\"e-con-inner\">\n\t\t\t\t<div class=\"elementor-element elementor-element-f3d2afe elementor-widget elementor-widget-text-editor\" data-id=\"f3d2afe\" data-element_type=\"widget\" data-widget_type=\"text-editor.default\">\n\t\t\t\t\t\t\t\t\t<p>O utilizador \u00e9 respons\u00e1vel por manter a confidencialidade das suas credenciais. A GameHub reserva-se o direito de suspender contas que violem os termos.<\/p>\t\t\t\t\t\t\t\t<\/div>\n\t\t\t\t\t<\/div>\n\t\t\t\t<\/div>\n\t\t<div class=\"elementor-element elementor-element-012a17e e-flex e-con-boxed e-con e-parent\" data-id=\"012a17e\" data-element_type=\"container\">\n\t\t\t\t\t<div class=\"e-con-inner\">\n\t\t\t\t<div class=\"elementor-element elementor-element-c68d660 elementor-widget elementor-widget-heading\" data-id=\"c68d660\" data-element_type=\"widget\" data-widget_type=\"heading.default\">\n\t\t\t\t\t<h2 class=\"elementor-heading-title elementor-size-default\">3. Propriedade Intelectual<\/h2>\t\t\t\t<\/div>\n\t\t\t\t\t<\/div>\n\t\t\t\t<\/div>\n\t\t<div class=\"elementor-element elementor-element-c0f15d7 e-flex e-con-boxed e-con e-parent\" data-id=\"c0f15d7\" data-element_type=\"container\">\n\t\t\t\t\t<div class=\"e-con-inner\">\n\t\t\t\t<div class=\"elementor-element elementor-element-08f10ba elementor-widget elementor-widget-text-editor\" data-id=\"08f10ba\" data-element_type=\"widget\" data-widget_type=\"text-editor.default\">\n\t\t\t\t\t\t\t\t\t<p>Todos os conte\u00fados, incluindo log\u00f3tipos, textos, imagens e design, s\u00e3o propriedade da GameHub e n\u00e3o podem ser utilizados sem autoriza\u00e7\u00e3o pr\u00e9via.<\/p>\t\t\t\t\t\t\t\t<\/div>\n\t\t\t\t\t<\/div>\n\t\t\t\t<\/div>\n\t\t<div class=\"elementor-element elementor-element-c4fa6e1 e-flex e-con-boxed e-con e-parent\" data-id=\"c4fa6e1\" data-element_type=\"container\">\n\t\t\t\t\t<div class=\"e-con-inner\">\n\t\t\t\t<div class=\"elementor-element elementor-element-49f577e elementor-widget elementor-widget-heading\" data-id=\"49f577e\" data-element_type=\"widget\" data-widget_type=\"heading.default\">\n\t\t\t\t\t<h2 class=\"elementor-heading-title elementor-size-default\">4. Limita\u00e7\u00e3o de Responsabilidade<\/h2>\t\t\t\t<\/div>\n\t\t\t\t\t<\/div>\n\t\t\t\t<\/div>\n\t\t<div class=\"elementor-element elementor-element-13e2c98 e-flex e-con-boxed e-con e-parent\" data-id=\"13e2c98\" data-element_type=\"container\">\n\t\t\t\t\t<div class=\"e-con-inner\">\n\t\t\t\t<div class=\"elementor-element elementor-element-ade2cbb elementor-widget elementor-widget-text-editor\" data-id=\"ade2cbb\" data-element_type=\"widget\" data-widget_type=\"text-editor.default\">\n\t\t\t\t\t\t\t\t\t<p>A GameHub n\u00e3o se responsabiliza por danos diretos ou indiretos resultantes do uso ou da incapacidade de uso dos seus servi\u00e7os.<\/p>\t\t\t\t\t\t\t\t<\/div>\n\t\t\t\t\t<\/div>\n\t\t\t\t<\/div>\n\t\t<div class=\"elementor-element elementor-element-a8203c0 e-flex e-con-boxed e-con e-parent\" data-id=\"a8203c0\" data-element_type=\"container\">\n\t\t\t\t\t<div class=\"e-con-inner\">\n\t\t\t\t<div class=\"elementor-element elementor-element-3ed8381 elementor-widget elementor-widget-heading\" data-id=\"3ed8381\" data-element_type=\"widget\" data-widget_type=\"heading.default\">\n\t\t\t\t\t<h2 class=\"elementor-heading-title elementor-size-default\">5. Altera\u00e7\u00f5es aos Termos<\/h2>\t\t\t\t<\/div>\n\t\t\t\t\t<\/div>\n\t\t\t\t<\/div>\n\t\t<div class=\"elementor-element elementor-element-2eb4baa e-flex e-con-boxed e-con e-parent\" data-id=\"2eb4baa\" data-element_type=\"container\">\n\t\t\t\t\t<div class=\"e-con-inner\">\n\t\t\t\t<div class=\"elementor-element elementor-element-52d8228 elementor-widget elementor-widget-text-editor\" data-id=\"52d8228\" data-element_type=\"widget\" data-widget_type=\"text-editor.default\">\n\t\t\t\t\t\t\t\t\t<p>Estes Termos podem ser atualizados a qualquer momento. A utiliza\u00e7\u00e3o continuada do site ap\u00f3s altera\u00e7\u00f5es implica a aceita\u00e7\u00e3o das novas condi\u00e7\u00f5es.<\/p>\t\t\t\t\t\t\t\t<\/div>\n\t\t\t\t\t<\/div>\n\t\t\t\t<\/div>\n\t\t<div class=\"elementor-element elementor-element-2321c06 e-flex e-con-boxed e-con e-parent\" data-id=\"2321c06\" data-element_type=\"container\">\n\t\t\t\t\t<div class=\"e-con-inner\">\n\t\t\t\t<div class=\"elementor-element elementor-element-1dce693 elementor-widget elementor-widget-heading\" data-id=\"1dce693\" data-element_type=\"widget\" data-widget_type=\"heading.default\">\n\t\t\t\t\t<h2 class=\"elementor-heading-title elementor-size-default\">6. Contacto<\/h2>\t\t\t\t<\/div>\n\t\t\t\t\t<\/div>\n\t\t\t\t<\/div>\n\t\t<div class=\"elementor-element elementor-element-72f2877 e-flex e-con-boxed e-con e-parent\" data-id=\"72f2877\" data-element_type=\"container\">\n\t\t\t\t\t<div class=\"e-con-inner\">\n\t\t\t\t<div class=\"elementor-element elementor-element-25498ef elementor-widget elementor-widget-text-editor\" data-id=\"25498ef\" data-element_type=\"widget\" data-widget_type=\"text-editor.default\">\n\t\t\t\t\t\t\t\t\t<p>Para mais informa\u00e7\u00f5es, entre em contacto connosco em\u00a0<a href=\"mailto:info@gamehub.pt\">info@gamehub.pt<\/a>.<\/p>\t\t\t\t\t\t\t\t<\/div>\n\t\t\t\t\t<\/div>\n\t\t\t\t<\/div>\n\t\t<div class=\"elementor-element elementor-element-00260c2 e-flex e-con-boxed e-con e-parent\" data-id=\"00260c2\" data-element_type=\"container\">\n\t\t\t\t\t<div class=\"e-con-inner\">\n\t\t\t\t<div class=\"elementor-element elementor-element-cd21f2a elementor-align-right elementor-widget elementor-widget-button\" data-id=\"cd21f2a\" data-element_type=\"widget\" data-widget_type=\"button.default\">\n\t\t\t\t\t\t\t\t\t\t<a class=\"elementor-button elementor-button-link elementor-size-sm\" href=\"\/index.php\/home\/\">\n\t\t\t\t\t\t<span class=\"elementor-button-content-wrapper\">\n\t\t\t\t\t\t\t\t\t<span class=\"elementor-button-text\">Voltar<\/span>\n\t\t\t\t\t<\/span>\n\t\t\t\t\t<\/a>\n\t\t\t\t\t\t\t\t<\/div>\n\t\t\t\t\t<\/div>\n\t\t\t\t<\/div>\n\t\t\t\t<\/div>\n\t\t\n    <div class=\"xs_social_share_widget xs_share_url after_content \t\tmain_content  wslu-style-1 wslu-share-box-shaped wslu-fill-colored wslu-none wslu-share-horizontal wslu-theme-font-no wslu-main_content\">\n\n\t\t\n        <ul>\n\t\t\t        <\/ul>\n    <\/div> \n","protected":false},"excerpt":{"rendered":"<p>Termos de Uso Ao aceder e utilizar o site\u00a0GameHub, concorda com os presentes Termos de Uso. Caso n\u00e3o concorde, deve cessar imediatamente a utiliza\u00e7\u00e3o. 1. Acesso e Utiliza\u00e7\u00e3o Os servi\u00e7os disponibilizados destinam-se a uso pessoal e recreativo. \u00c9 proibido o uso indevido, nomeadamente atrav\u00e9s de tentativas de acesso n\u00e3o autorizado ao sistema. 2. Registo de [&hellip;]<\/p>\n","protected":false},"author":1,"featured_media":0,"parent":0,"menu_order":0,"comment_status":"closed","ping_status":"closed","template":"","meta":{"postBodyCss":"","postBodyMargin":[],"postBodyPadding":[],"postBodyBackground":{"backgroundType":"classic","gradient":""},"footnotes":""},"class_list":["post-125","page","type-page","status-publish","hentry"],"_links":{"self":[{"href":"https:\/\/gamehub.dominioteste.eu\/index.php\/wp-json\/wp\/v2\/pages\/125","targetHints":{"allow":["GET"]}}],"collection":[{"href":"https:\/\/gamehub.dominioteste.eu\/index.php\/wp-json\/wp\/v2\/pages"}],"about":[{"href":"https:\/\/gamehub.dominioteste.eu\/index.php\/wp-json\/wp\/v2\/types\/page"}],"author":[{"embeddable":true,"href":"https:\/\/gamehub.dominioteste.eu\/index.php\/wp-json\/wp\/v2\/users\/1"}],"replies":[{"embeddable":true,"href":"https:\/\/gamehub.dominioteste.eu\/index.php\/wp-json\/wp\/v2\/comments?post=125"}],"version-history":[{"count":10,"href":"https:\/\/gamehub.dominioteste.eu\/index.php\/wp-json\/wp\/v2\/pages\/125\/revisions"}],"predecessor-version":[{"id":179,"href":"https:\/\/gamehub.dominioteste.eu\/index.php\/wp-json\/wp\/v2\/pages\/125\/revisions\/179"}],"wp:attachment":[{"href":"https:\/\/gamehub.dominioteste.eu\/index.php\/wp-json\/wp\/v2\/media?parent=125"}],"curies":[{"name":"wp","href":"https:\/\/api.w.org\/{rel}","templated":true}]}}